


{"id":638,"date":"2018-03-31T14:09:05","date_gmt":"2018-03-31T12:09:05","guid":{"rendered":"https:\/\/religionistika.upol.cz\/?page_id=638"},"modified":"2023-11-23T21:01:03","modified_gmt":"2023-11-23T20:01:03","slug":"studentska-soutez","status":"publish","type":"page","link":"https:\/\/religionistika.upol.cz\/eng\/studentska-soutez\/","title":{"rendered":"PhD student\u00b4s teaching"},"content":{"rendered":"<p>Please pay attention to the Religious Studies Ph.D. classes, which are taking place every Thursday from 1:15 to 2:45 p.m. in Room 3.38 every year during the winter and summer semesters. Even if you are not enrolled in the course, you can attend specific lectures according to your personal interest.<\/p>","protected":false},"excerpt":{"rendered":"<p>V\u011bnujte pozornost v\u00fduce doktorand\u016f religionistiky, kter\u00e1 prob\u00edh\u00e1 ka\u017ed\u00fd \u010dtvrtek od 13:15 do 14:45 v u\u010debn\u011b 3.38. Ikdy\u017e na p\u0159edm\u011bt nejste zapsan\u00ed, tak m\u016f\u017eete nav\u0161\u00edvit jednotliv\u00e9 p\u0159edn\u00e1\u0161ky dle osobn\u00edho z\u00e1jmu.<\/p>","protected":false},"author":3,"featured_media":0,"parent":0,"menu_order":0,"comment_status":"closed","ping_status":"closed","template":"template-full-width.php","meta":{"footnotes":""},"_links":{"self":[{"href":"https:\/\/religionistika.upol.cz\/eng\/wp-json\/wp\/v2\/pages\/638"}],"collection":[{"href":"https:\/\/religionistika.upol.cz\/eng\/wp-json\/wp\/v2\/pages"}],"about":[{"href":"https:\/\/religionistika.upol.cz\/eng\/wp-json\/wp\/v2\/types\/page"}],"author":[{"embeddable":true,"href":"https:\/\/religionistika.upol.cz\/eng\/wp-json\/wp\/v2\/users\/3"}],"replies":[{"embeddable":true,"href":"https:\/\/religionistika.upol.cz\/eng\/wp-json\/wp\/v2\/comments?post=638"}],"version-history":[{"count":20,"href":"https:\/\/religionistika.upol.cz\/eng\/wp-json\/wp\/v2\/pages\/638\/revisions"}],"predecessor-version":[{"id":1039,"href":"https:\/\/religionistika.upol.cz\/eng\/wp-json\/wp\/v2\/pages\/638\/revisions\/1039"}],"wp:attachment":[{"href":"https:\/\/religionistika.upol.cz\/eng\/wp-json\/wp\/v2\/media?parent=638"}],"curies":[{"name":"wp","href":"https:\/\/api.w.org\/{rel}","templated":true}]}}