


{"id":635,"date":"2018-03-31T14:04:25","date_gmt":"2018-03-31T12:04:25","guid":{"rendered":"https:\/\/religionistika.upol.cz\/?page_id=635"},"modified":"2024-01-11T19:42:44","modified_gmt":"2024-01-11T18:42:44","slug":"vysledky-studentske-souteze","status":"publish","type":"page","link":"https:\/\/religionistika.upol.cz\/eng\/vysledky-studentske-souteze\/","title":{"rendered":"Professor's lectures"},"content":{"rendered":"<p>On 30 November 2023 at 16:30, Prof. Du\u0161an Lu\u017en\u00fd will give a lecture for PhD students and interested parties. It will focus on his current research on religion in Papua New Guinea. The event will take place in room 3.38, 3rd floor of the building on Tr. Svobody 26.<\/p>\n<p>All interested students are cordially invited!<\/p>","protected":false},"excerpt":{"rendered":"<p>Dne 30. listopadu 2023 v 16:30 hodin p\u0159ednese p\u0159edn\u00e1\u0161ku pro doktorandy a z\u00e1jemce prof. Du\u0161an Lu\u017en\u00fd. Bude zam\u011b\u0159en\u00e1 na jeho sou\u010dasn\u00e9 v\u00fdzkumy religiozity na Papui Nov\u00e9 Guinei. Akce prob\u011bhne v u\u010debn\u011b 3.38, 3. patro budovy na t\u0159. Svobody 26. V\u0161ichni z\u00e1jemci jsou srde\u010dn\u011b zv\u00e1ni!<\/p>","protected":false},"author":3,"featured_media":0,"parent":0,"menu_order":0,"comment_status":"closed","ping_status":"closed","template":"template-full-width.php","meta":{"footnotes":""},"_links":{"self":[{"href":"https:\/\/religionistika.upol.cz\/eng\/wp-json\/wp\/v2\/pages\/635"}],"collection":[{"href":"https:\/\/religionistika.upol.cz\/eng\/wp-json\/wp\/v2\/pages"}],"about":[{"href":"https:\/\/religionistika.upol.cz\/eng\/wp-json\/wp\/v2\/types\/page"}],"author":[{"embeddable":true,"href":"https:\/\/religionistika.upol.cz\/eng\/wp-json\/wp\/v2\/users\/3"}],"replies":[{"embeddable":true,"href":"https:\/\/religionistika.upol.cz\/eng\/wp-json\/wp\/v2\/comments?post=635"}],"version-history":[{"count":13,"href":"https:\/\/religionistika.upol.cz\/eng\/wp-json\/wp\/v2\/pages\/635\/revisions"}],"predecessor-version":[{"id":1146,"href":"https:\/\/religionistika.upol.cz\/eng\/wp-json\/wp\/v2\/pages\/635\/revisions\/1146"}],"wp:attachment":[{"href":"https:\/\/religionistika.upol.cz\/eng\/wp-json\/wp\/v2\/media?parent=635"}],"curies":[{"name":"wp","href":"https:\/\/api.w.org\/{rel}","templated":true}]}}