


{"id":37,"date":"2017-11-06T13:51:23","date_gmt":"2017-11-06T12:51:23","guid":{"rendered":"http:\/\/religionistika.kochchy.cz\/?page_id=37"},"modified":"2025-09-25T17:46:13","modified_gmt":"2025-09-25T15:46:13","slug":"vyucujici","status":"publish","type":"page","link":"https:\/\/religionistika.upol.cz\/eng\/vyucujici\/","title":{"rendered":"Staff"},"content":{"rendered":"<div class=\"table-vyucujici\">\n<table style=\"width: 853px; height: 2034px;\">\n<tbody>\n<tr>\n<th width=\"150\"><img loading=\"lazy\" decoding=\"async\" class=\"alignnone wp-image-796\" src=\"https:\/\/religionistika.upol.cz\/wp-content\/uploads\/2020\/06\/IMG_4380-300x278.jpg\" alt=\"\" width=\"159\" height=\"147\" srcset=\"https:\/\/religionistika.upol.cz\/wp-content\/uploads\/2020\/06\/IMG_4380-300x278.jpg 300w, https:\/\/religionistika.upol.cz\/wp-content\/uploads\/2020\/06\/IMG_4380.jpg 474w\" sizes=\"(max-width: 159px) 100vw, 159px\" \/><\/th>\n<td><strong>Assoc. prof. Tom\u00e1\u0161 Bub\u00edk, PhD<\/strong><\/p>\n<p>History, theory and methods of religious studies, cognitive research on religion, the study of atheism and irreligion in modern society, and philosophy of religion. For a biography and publications, see <span style=\"color: #3366ff;\"><a style=\"color: #3366ff;\" href=\"https:\/\/religionistika.upol.cz\/eng\/zivotopis-a-publikace\/\">CV and Publications.<\/a><\/span><\/p>\n<p><a href=\"mailto:tomas.bubik@upol.cz\">tomas.bubik@upol.cz<\/a><\/td>\n<\/tr>\n<tr>\n<th width=\"150\"><img loading=\"lazy\" decoding=\"async\" class=\"alignnone wp-image-492 size-medium\" src=\"http:\/\/religionistika.upol.cz\/wp-content\/uploads\/2018\/01\/Prof.-PhDr.-Du\u0161an-Lu\u017en\u00fd-Dr.-1-e1517352005455-300x300.jpg\" alt=\"\" width=\"300\" height=\"300\" srcset=\"https:\/\/religionistika.upol.cz\/wp-content\/uploads\/2018\/01\/Prof.-PhDr.-Du\u0161an-Lu\u017en\u00fd-Dr.-1-e1517352005455-300x300.jpg 300w, https:\/\/religionistika.upol.cz\/wp-content\/uploads\/2018\/01\/Prof.-PhDr.-Du\u0161an-Lu\u017en\u00fd-Dr.-1-e1517352005455-150x150.jpg 150w, https:\/\/religionistika.upol.cz\/wp-content\/uploads\/2018\/01\/Prof.-PhDr.-Du\u0161an-Lu\u017en\u00fd-Dr.-1-e1517352005455.jpg 428w\" sizes=\"(max-width: 300px) 100vw, 300px\" \/><\/th>\n<td><strong>prof. Du\u0161an Lu\u017en\u00fd, PhD<\/strong><\/p>\n<p>Sociology of religion, new religious movements and Indian traditions.<\/p>\n<p><a href=\"mailto:dusan.luzny@upol.cz\">dusan.luzny@upol.cz<\/a><\/td>\n<\/tr>\n<tr>\n<th width=\"150\"><\/th>\n<td><\/td>\n<\/tr>\n<tr>\n<th width=\"150\"><img loading=\"lazy\" decoding=\"async\" class=\"wp-image-493 size-full alignnone\" src=\"http:\/\/religionistika.upol.cz\/wp-content\/uploads\/2018\/01\/Mgr.-Silvie-Kotherov\u00e1.-PhD..jpg\" alt=\"\" width=\"190\" height=\"190\" srcset=\"https:\/\/religionistika.upol.cz\/wp-content\/uploads\/2018\/01\/Mgr.-Silvie-Kotherov\u00e1.-PhD..jpg 190w, https:\/\/religionistika.upol.cz\/wp-content\/uploads\/2018\/01\/Mgr.-Silvie-Kotherov\u00e1.-PhD.-150x150.jpg 150w\" sizes=\"(max-width: 190px) 100vw, 190px\" \/><\/th>\n<td><strong>Silvie Kotherov\u00e1, PhD<\/strong><\/p>\n<p>Buddhism, cognitive science of religion, and the theory and methodology of religious studies.<\/p>\n<p><a href=\"mailto:silvie.kotherova@upol.cz\"><span style=\"font-family: inherit; font-size: inherit;\">silvie.kotherova@upol.cz<\/span><\/a><\/td>\n<\/tr>\n<tr>\n<th width=\"150\"><img loading=\"lazy\" decoding=\"async\" class=\"wp-image-494 size-medium alignnone\" src=\"http:\/\/religionistika.upol.cz\/wp-content\/uploads\/2018\/01\/PhDr.-Daniel-Topinka-PhD.-e1517352189246-300x300.jpg\" alt=\"\" width=\"300\" height=\"300\" \/><\/th>\n<td><strong>Assoc. prof. Daniel Topinka, PhD<\/strong><\/p>\n<p>Religious migration, Islam, sociology of religion.<span style=\"font-family: inherit; font-size: inherit;\">\u00a0<\/span><\/p>\n<p><a href=\"mailto:daniel.topinka@upol.cz\"><span style=\"font-family: inherit; font-size: inherit;\">daniel.topinka@upol.cz<\/span><\/a><\/td>\n<\/tr>\n<tr>\n<th width=\"150\"><img loading=\"lazy\" decoding=\"async\" class=\"wp-image-495 size-medium alignnone\" src=\"http:\/\/religionistika.upol.cz\/wp-content\/uploads\/2018\/01\/foto-e1517352317601-300x300.jpg\" alt=\"\" width=\"300\" height=\"300\" \/><\/th>\n<td><strong>Kate\u0159ina Mildnerov\u00e1, PhD<\/strong><\/p>\n<p>Magic and witchcraft in Africa, ritual behaviour and the contemporary religious scene in sub-Saharan Africa.<\/p>\n<p><a href=\"mailto:katerina.mildnerova@upol.cz\"><span style=\"font-family: inherit; font-size: inherit;\">katerina.mildnerova@upol.c<\/span><\/a><a href=\"mailto:katerina.mildnerova@upol.cz\"><span style=\"font-family: inherit; font-size: inherit;\">z<\/span><\/a><\/td>\n<\/tr>\n<tr>\n<th width=\"150\"><img loading=\"lazy\" decoding=\"async\" src=\"https:\/\/fses.uniba.sk\/typo3temp\/pics\/Mentel_Andrej__1__01_1df164b331.jpg\" alt=\"\" width=\"300\" height=\"451\" \/><\/th>\n<td><strong>Mgr. Andrej Mentel, Ph.D.<\/strong><\/p>\n<p>Zab\u00fdv\u00e1 se kognitivn\u00ed antropologi\u00ed n\u00e1bo\u017eenstv\u00ed, n\u00e1bo\u017eensk\u00fdmi ritu\u00e1ly, metodologi\u00ed a teori\u00ed v\u00fdzkumu n\u00e1bo\u017eenstv\u00ed.<\/p>\n<div><a href=\"mailto:andrej.mentel@upol.cz\">andrej.mentel@upol.cz<\/a><\/div>\n<div><\/div>\n<div><\/div>\n<\/td>\n<\/tr>\n<tr>\n<th width=\"150\"><\/th>\n<td><\/td>\n<\/tr>\n<tr>\n<th width=\"150\"><strong>PhD students:<\/strong><\/th>\n<td><strong>Radim Byrtus, M.A. <\/strong>(Dissertation topic: Intergenerational transmission of faith in families of Resolute Christians)<\/p>\n<p><strong>Olga \u010cejkov\u00e1, M.A.<\/strong> (Dissertation topic: Religious elements in hunting)<\/p>\n<p><strong>Jaroslav Hurt\u00edk, M.A.<\/strong> (Dissertation topic: Religious conversion in prison)<strong><br \/>\n<\/strong><\/p>\n<p><strong>Lenka Jedli\u010dkov\u00e1, PhD <\/strong>(Dissertation topic: Spirituality in management professions)<strong><br \/>\n<\/strong><\/p>\n<p><strong>Kl\u00e1ra Kub\u00e1lkov\u00e1, M.A. <\/strong>(Dissertation topic: Czech Ufology and two perspectives of interpretation of the \"unexplainable\")<strong><br \/>\n<\/strong><\/p>\n<p><strong>Cezary A. Mizia, PhD <\/strong>(Dissertation topic: Tourism and Religion in Poland)<strong><br \/>\n<\/strong><\/p>\n<p><strong>Mark\u00e9ta Muczkov\u00e1, M.A. <\/strong>(Dissertation topic: Amulet: Intuitive helper or strategic choice?)<strong><br \/>\n<\/strong><\/p>\n<p><strong>Nikola Svobodn\u00edkov\u00e1, M.A.<\/strong> (Dissertation topic: Averroes, De distinctione sexus and the Jewish woman in the Middle Ages)<strong><br \/>\n<\/strong><\/p>\n<p><strong>Mgr. Veronika Hern\u00edkov\u00e1<\/strong> (T\u00e9ma dizertace: Zku\u0161enost a identita hr\u00e1\u010d\u016f videoher s n\u00e1bo\u017eenskou t\u00e9matikou)<strong><br \/>\n<\/strong><\/td>\n<\/tr>\n<tr>\n<th width=\"150\"><\/th>\n<td><\/td>\n<\/tr>\n<\/tbody>\n<\/table>\n<\/div>","protected":false},"excerpt":{"rendered":"<p>doc. Mgr. Tom\u00e1\u0161 Bub\u00edk, Ph.D. Zab\u00fdv\u00e1 se d\u011bjinami religionistiky, teoriemi a metodami religionistiky, kognitivn\u00edm v\u00fdzkumem n\u00e1bo\u017eenstv\u00ed, studiem ateismu a bezv\u011brectv\u00ed v modern\u00ed spole\u010dnosti a filozofi\u00ed n\u00e1bo\u017eenstv\u00ed. \u017divotopis a publikace naleznete v CV and Publications. tomas.bubik@upol.cz prof. PhDr. Du\u0161an Lu\u017en\u00fd, Dr. Zab\u00fdv\u00e1 se nov\u00fdmi n\u00e1bo\u017eensk\u00fdmi hnut\u00edmi, antropologi\u00ed a sociologi\u00ed n\u00e1bo\u017eenstv\u00ed a indick\u00fdmi tradicemi. dusan.luzny@upol.cz Mgr. Silvie [&hellip;]<\/p>","protected":false},"author":3,"featured_media":0,"parent":0,"menu_order":0,"comment_status":"closed","ping_status":"closed","template":"template-full-width.php","meta":{"footnotes":""},"_links":{"self":[{"href":"https:\/\/religionistika.upol.cz\/eng\/wp-json\/wp\/v2\/pages\/37"}],"collection":[{"href":"https:\/\/religionistika.upol.cz\/eng\/wp-json\/wp\/v2\/pages"}],"about":[{"href":"https:\/\/religionistika.upol.cz\/eng\/wp-json\/wp\/v2\/types\/page"}],"author":[{"embeddable":true,"href":"https:\/\/religionistika.upol.cz\/eng\/wp-json\/wp\/v2\/users\/3"}],"replies":[{"embeddable":true,"href":"https:\/\/religionistika.upol.cz\/eng\/wp-json\/wp\/v2\/comments?post=37"}],"version-history":[{"count":148,"href":"https:\/\/religionistika.upol.cz\/eng\/wp-json\/wp\/v2\/pages\/37\/revisions"}],"predecessor-version":[{"id":1182,"href":"https:\/\/religionistika.upol.cz\/eng\/wp-json\/wp\/v2\/pages\/37\/revisions\/1182"}],"wp:attachment":[{"href":"https:\/\/religionistika.upol.cz\/eng\/wp-json\/wp\/v2\/media?parent=37"}],"curies":[{"name":"wp","href":"https:\/\/api.w.org\/{rel}","templated":true}]}}