


{"id":328,"date":"2018-01-26T21:21:47","date_gmt":"2018-01-26T20:21:47","guid":{"rendered":"http:\/\/religionistika.kochchy.cz\/?page_id=328"},"modified":"2018-09-13T23:15:54","modified_gmt":"2018-09-13T21:15:54","slug":"3-konference","status":"publish","type":"page","link":"https:\/\/religionistika.upol.cz\/eng\/3-konference\/","title":{"rendered":"3. Konference"},"content":{"rendered":"<p>Ve dnech 4.\u00a0 \u0336 \u00a05. \u0159\u00edjna \u00a02018 organizuje Odd\u011blen\u00ed religionistiky Katedry sociologie, andragogiky a kulturn\u00ed antropologie konferenci na t\u00e9ma: <strong>N\u00c1BO\u017dENSK\u00dd RITU\u00c1L V\u00a0INTERDICIPLIN\u00c1RN\u00cd PERSPEKTIV\u011a<\/strong><\/p>\n<p><a href=\"https:\/\/religionistika.upol.cz\/wp-content\/uploads\/2018\/09\/3ReligioKonf-Program-vnit\u0159ek.pdf\"><span style=\"color: #333399;\"><strong>Program konference<\/strong><\/span><\/a><\/p>\n<p><a href=\"https:\/\/religionistika.upol.cz\/wp-content\/uploads\/2018\/09\/3ReligioKonf-SBORN\u00edK-forweb.pdf\"><span style=\"color: #333399;\"><strong>Kniha abstrakt\u016f<\/strong><\/span><\/a><\/p>\n<p>&nbsp;<\/p>\n<p>T\u00e9matem leto\u0161n\u00edho ro\u010dn\u00edku Olomouck\u00e9 religionistick\u00e9 konference je n\u00e1bo\u017eensk\u00fd ritu\u00e1l v\u00a0interdisciplin\u00e1rn\u00ed perspektiv\u011b. V\u00edt\u00e1ny jsou p\u0159\u00edsp\u011bvky autor\u016f z\u00a0r\u016fzn\u00fdch soci\u00e1ln\u011b v\u011bdn\u00edch subdiscipl\u00edn souvisej\u00edc\u00edch s oborem religionistiky, jako jsou antropologie n\u00e1bo\u017eenstv\u00ed, sociologie n\u00e1bo\u017eenstv\u00ed, historie n\u00e1bo\u017eenstv\u00ed, kognitivn\u00ed v\u011bdy a jin\u00e9. C\u00edlem konference je podpo\u0159it diskusi badatel\u016f reprezentuj\u00edc\u00edch r\u016fzn\u00e9 teoretick\u00e9 a metodologick\u00e9 p\u0159\u00edstupy a umo\u017enit jim prezentovat v\u00fdsledky vlastn\u00edho v\u00fdzkumu n\u00e1bo\u017eensk\u00fdch ritu\u00e1l\u016f v sou\u010dasn\u00e9m sv\u011bt\u011b a tak\u00e9 v\u00a0historii r\u016fzn\u00fdch n\u00e1bo\u017eensk\u00fdch tradic. Jednac\u00edm jazykem konference je \u010de\u0161tina a angli\u010dtina (bez tlumo\u010den\u00ed).<\/p>\n<p><strong>Hlavn\u00ed p\u0159edn\u00e1\u0161ej\u00edc\u00ed:<\/strong><\/p>\n<p><strong>Doc. Dalibor Antal\u00edk, Dr. <\/strong>(Filosofick\u00e1 fakulta, Univerzita Karlova) a <strong>Mgr. Martin Lang, Ph.D<\/strong>.\u00a0 (Filosofick\u00e1 fakulta, Masarykova Univerzita)<\/p>\n<p><strong>Form\u00e1t konference: <\/strong>Sv\u016fj p\u0159\u00edsp\u011bvek m\u016f\u017eete prezentovat formou p\u0159edn\u00e1\u0161ky s\u00a0p\u0159edpokl\u00e1danou d\u00e9lkou 20 minut, po kter\u00e9 bude n\u00e1sledovat kr\u00e1tk\u00e1 diskuze.<\/p>\n<p><strong>Konferen\u010dn\u00ed poplatek: <\/strong>800 K\u010d pro aktivn\u00ed \u00fa\u010dastn\u00edky\/ 400 K\u010d pro studenty DSP (spole\u010dn\u00e1 ve\u010de\u0159e a ob\u010derstven\u00ed formou banketu zahrnuty; dopravu a ubytov\u00e1n\u00ed si \u00fa\u010dastn\u00edci hrad\u00ed sami).<\/p>\n<p><strong>Konferen\u010dn\u00ed poplatek pros\u00edm uhra\u010fte na bankovn\u00ed \u00fa\u010det do konce z\u00e1\u0159\u00ed:<\/strong><\/p>\n<p>CZK \u00fa\u010det: 19-1096330227\/0100<br \/>\nEURO\u00a0\u00fa\u010det: 43-3855090287\/0100<br \/>\nIBAN: CZ9801000000433855090287<br \/>\nSWIFT code: KOMBCZPPxxx<br \/>\nVariabiln\u00ed symbol: 992103071<\/p>\n<p>Vybran\u00e9 p\u0159\u00edsp\u011bvky budou publikov\u00e1ny ve speci\u00e1ln\u00edm \u010d\u00edsle \u010dasopisu e-Rhizome.<\/p>\n<p>&nbsp;<\/p>\n<p><strong>V\u00fdbor konference: <\/strong>prof. PhDr. Du\u0161an Lu\u017en\u00fd, Dr.; doc. Mgr. Tom\u00e1\u0161 Bub\u00edk, Ph.D.; Mgr. Kate\u0159ina Mildnerov\u00e1, Ph.D.; Mgr. Jakub Havl\u00ed\u010dek, Ph.D.; Mgr. Silvie Kotherov\u00e1, Ph.D.; Mgr. Tom\u00e1\u0161 Dr\u00e1pela, Ph.D.<!--more--><\/p>","protected":false},"excerpt":{"rendered":"<p>Ve dnech 4.\u00a0 \u0336 \u00a05. \u0159\u00edjna \u00a02018 organizuje Odd\u011blen\u00ed religionistiky Katedry sociologie, andragogiky a kulturn\u00ed antropologie konferenci na t\u00e9ma: N\u00c1BO\u017dENSK\u00dd RITU\u00c1L V\u00a0INTERDICIPLIN\u00c1RN\u00cd PERSPEKTIV\u011a Program konference Kniha abstrakt\u016f &nbsp; T\u00e9matem leto\u0161n\u00edho ro\u010dn\u00edku Olomouck\u00e9 religionistick\u00e9 konference je n\u00e1bo\u017eensk\u00fd ritu\u00e1l v\u00a0interdisciplin\u00e1rn\u00ed perspektiv\u011b. V\u00edt\u00e1ny jsou p\u0159\u00edsp\u011bvky autor\u016f z\u00a0r\u016fzn\u00fdch soci\u00e1ln\u011b v\u011bdn\u00edch subdiscipl\u00edn souvisej\u00edc\u00edch s oborem religionistiky, jako jsou antropologie n\u00e1bo\u017eenstv\u00ed, [&hellip;]<\/p>","protected":false},"author":3,"featured_media":0,"parent":0,"menu_order":0,"comment_status":"closed","ping_status":"closed","template":"template-full-width.php","meta":{"footnotes":""},"_links":{"self":[{"href":"https:\/\/religionistika.upol.cz\/eng\/wp-json\/wp\/v2\/pages\/328"}],"collection":[{"href":"https:\/\/religionistika.upol.cz\/eng\/wp-json\/wp\/v2\/pages"}],"about":[{"href":"https:\/\/religionistika.upol.cz\/eng\/wp-json\/wp\/v2\/types\/page"}],"author":[{"embeddable":true,"href":"https:\/\/religionistika.upol.cz\/eng\/wp-json\/wp\/v2\/users\/3"}],"replies":[{"embeddable":true,"href":"https:\/\/religionistika.upol.cz\/eng\/wp-json\/wp\/v2\/comments?post=328"}],"version-history":[{"count":19,"href":"https:\/\/religionistika.upol.cz\/eng\/wp-json\/wp\/v2\/pages\/328\/revisions"}],"predecessor-version":[{"id":687,"href":"https:\/\/religionistika.upol.cz\/eng\/wp-json\/wp\/v2\/pages\/328\/revisions\/687"}],"wp:attachment":[{"href":"https:\/\/religionistika.upol.cz\/eng\/wp-json\/wp\/v2\/media?parent=328"}],"curies":[{"name":"wp","href":"https:\/\/api.w.org\/{rel}","templated":true}]}}

<p>Ve dnech 4.  ̶  5. října  2018 organizuje Oddělení religionistiky Katedry sociologie, andragogiky a kulturní antropologie konferenci na téma: <strong>NÁBOŽENSKÝ RITUÁL V INTERDICIPLINÁRNÍ PERSPEKTIVĚ</strong></p>
<p><a href="https://religionistika.upol.cz/wp-content/uploads/2018/09/3ReligioKonf-Program-vnitřek.pdf"><span style="color: #333399;"><strong>Program konference</strong></span></a></p>
<p><a href="https://religionistika.upol.cz/wp-content/uploads/2018/09/3ReligioKonf-SBORNíK-forweb.pdf"><span style="color: #333399;"><strong>Kniha abstraktů</strong></span></a></p>
<p>&nbsp;</p>
<p>Tématem letošního ročníku Olomoucké religionistické konference je náboženský rituál v interdisciplinární perspektivě. Vítány jsou příspěvky autorů z různých sociálně vědních subdisciplín souvisejících s oborem religionistiky, jako jsou antropologie náboženství, sociologie náboženství, historie náboženství, kognitivní vědy a jiné. Cílem konference je podpořit diskusi badatelů reprezentujících různé teoretické a metodologické přístupy a umožnit jim prezentovat výsledky vlastního výzkumu náboženských rituálů v současném světě a také v historii různých náboženských tradic. Jednacím jazykem konference je čeština a angličtina (bez tlumočení).</p>
<p><strong>Hlavní přednášející:</strong></p>
<p><strong>Doc. Dalibor Antalík, Dr. </strong>(Filosofická fakulta, Univerzita Karlova) a <strong>Mgr. Martin Lang, Ph.D</strong>.  (Filosofická fakulta, Masarykova Univerzita)</p>
<p><strong>Formát konference: </strong>Svůj příspěvek můžete prezentovat formou přednášky s předpokládanou délkou 20 minut, po které bude následovat krátká diskuze.</p>
<p><strong>Konferenční poplatek: </strong>800 Kč pro aktivní účastníky/ 400 Kč pro studenty DSP (společná večeře a občerstvení formou banketu zahrnuty; dopravu a ubytování si účastníci hradí sami).</p>
<p><strong>Konferenční poplatek prosím uhraďte na bankovní účet do konce září:</strong></p>
<p>CZK účet: 19-1096330227/0100<br />
EURO účet: 43-3855090287/0100<br />
IBAN: CZ9801000000433855090287<br />
SWIFT code: KOMBCZPPxxx<br />
Variabilní symbol: 992103071</p>
<p>Vybrané příspěvky budou publikovány ve speciálním čísle časopisu e-Rhizome.</p>
<p>&nbsp;</p>
<p><strong>Výbor konference: </strong>prof. PhDr. Dušan Lužný, Dr.; doc. Mgr. Tomáš Bubík, Ph.D.; Mgr. Kateřina Mildnerová, Ph.D.; Mgr. Jakub Havlíček, Ph.D.; Mgr. Silvie Kotherová, Ph.D.; Mgr. Tomáš Drápela, Ph.D.<!--more--></p>

<p>Ve dnech 4.  ̶  5. října  2018 organizuje Oddělení religionistiky Katedry sociologie, andragogiky a kulturní antropologie konferenci na téma: NÁBOŽENSKÝ RITUÁL V INTERDICIPLINÁRNÍ PERSPEKTIVĚ Program konference Kniha abstraktů &nbsp; Tématem letošního ročníku Olomoucké religionistické konference je náboženský rituál v interdisciplinární perspektivě. Vítány jsou příspěvky autorů z různých sociálně vědních subdisciplín souvisejících s oborem religionistiky, jako jsou antropologie náboženství, [&hellip;]</p>
