


{"id":318,"date":"2018-01-26T21:11:13","date_gmt":"2018-01-26T20:11:13","guid":{"rendered":"http:\/\/religionistika.kochchy.cz\/?page_id=318"},"modified":"2023-11-14T11:22:10","modified_gmt":"2023-11-14T10:22:10","slug":"prijimaci-rizeni","status":"publish","type":"page","link":"https:\/\/religionistika.upol.cz\/eng\/prijimaci-rizeni\/","title":{"rendered":"Magistersk\u00e9 studium religionistiky"},"content":{"rendered":"<p>&nbsp;<\/p>\n<p><strong>The Master's degree in Religious Studies is a double major\/minor in full-time form.<\/strong><\/p>\n<p>S ohledem na dvouoborovou koncepci studia religionistiky, doporu\u010dujeme kombinaci bu\u010f s\u00a0n\u011bjak\u00fdm jazykem anebo nap\u0159.\u00a0s\u00a0kulturn\u00ed antropologi\u00ed, sociologi\u00ed, politologi\u00ed, psychologi\u00ed, filozofi\u00ed, histori\u00ed, judaistikou \u010di\u00a0dle vlastn\u00edch preferenc\u00ed. Garantem studia je doc. Mgr. Tom\u00e1\u0161 Bub\u00edk, Ph.D., na kter\u00e9ho se m\u016f\u017eete obracet s\u00a0bli\u017e\u0161\u00edmi dotazy. Kontakt: <strong>tomas.bubik@upol.cz<\/strong><\/p>\n<p>&nbsp;<\/p>\n<p><strong>ELECTRONIC APPLICATION FOR STUDY: <a href=\"https:\/\/prihlaska.upol.cz\/prihlaska\/info.xhtml\">https:\/\/prihlaska.upol.cz\/prihlaska\/info.xhtml<\/a><\/strong><\/p>\n<p><strong>Interesting information about the field can be found here:<\/strong> <a href=\"https:\/\/newstudujreligionistiku.upol.cz\/\"><strong>https:\/\/newstudujreligionistiku.upol.cz\/<\/strong><\/a><\/p>\n<p>&nbsp;<\/p>\n<p><strong>Po\u017eadavky na p\u0159ijet\u00ed<\/strong><\/p>\n<p>Po\u017eadavky k p\u0159ijet\u00ed uchaze\u010de do dvoulet\u00e9ho magistersk\u00e9ho studijn\u00edho programu Religionistika: absolvovan\u00e9 bakal\u00e1\u0159sk\u00e9 studium v oboru religionistika anebo v oboru p\u0159\u00edbuzn\u00e9m; slo\u017een\u00ed p\u0159ij\u00edmac\u00ed zkou\u0161ky, kter\u00e1 testuje vybran\u00e9 znalostn\u00ed dovednosti na z\u00e1klad\u011b p\u0159ij\u00edmac\u00edho pohovoru; sou\u010d\u00e1st\u00ed p\u0159ij\u00edmaj\u00edc\u00edho pohovoru je p\u0159edlo\u017een\u00ed projektu magistersk\u00e9 pr\u00e1ce v rozsahu t\u0159\u00ed normostran (v\u010detn\u011b bibliografie) a prezentace v\u00fdzkumn\u00e9 teze pr\u00e1ce. Sou\u010det bod\u016f ur\u010duje po\u0159ad\u00ed uchaze\u010d\u016f, na jej\u00edm\u017e z\u00e1klad\u011b jich bude p\u0159ijat stanoven\u00fd po\u010det.<\/p>\n<p>&nbsp;<\/p>\n<p>&nbsp;<\/p>\n<p><strong>Chrakteristika oboru<br \/>\n<\/strong><\/p>\n<p>Obsah studia je koncipov\u00e1n tak, aby odpov\u00eddal sou\u010dasn\u00fdm znalostn\u00edm pot\u0159eb\u00e1m a technologick\u00e9mu rozvoji spole\u010dnosti. Metodologick\u00fd a teoretick\u00fd d\u016fraz je kladen na t\u0159i z\u00e1kladn\u00ed oblasti, kter\u00e9 koresponduj\u00ed se siln\u00fdmi str\u00e1nkami katedry, kter\u00e1 obor religionistika zaji\u0161\u0165uje. Jedn\u00e1 se o kognitivn\u00ed, sociologick\u00fd a antropologick\u00fd v\u00fdzkum n\u00e1bo\u017eenstv\u00ed. Studenti se v p\u0159\u016fb\u011bhu studia specializuj\u00ed na zvolenou problematiku, kter\u00e1 se v\u00e1\u017ee na konkr\u00e9tn\u00ed n\u00e1bo\u017eenskou tradici. Studenti si osvojuj\u00ed metody pou\u017e\u00edvan\u00e9 v sociologii, antropologii a kognitivn\u00ed v\u011bd\u011b a u\u010d\u00ed se je aplikovat v kvantitativn\u00edm, kvalitativn\u00edm i laboratorn\u00edm v\u00fdzkumu n\u00e1bo\u017eenstv\u00ed.<\/p>\n<p>&nbsp;<\/p>\n<p><strong>C\u00edle studia<br \/>\n<\/strong><\/p>\n<p>Absolvent studijn\u00edho programu dvouoborov\u00e1 magistersk\u00e1 religionistika z\u00edsk\u00e1 systematick\u00e9 znalosti z d\u011bjin n\u00e1bo\u017eenstv\u00ed (znalosti prim\u00e1rn\u00edch pramen\u016f, sekund\u00e1rn\u00ed literatury), p\u0159edev\u0161\u00edm pak vysoce specializovan\u00e9 znalosti ze zvolen\u00e9 n\u00e1bo\u017eensk\u00e9 oblasti (znalost prim\u00e1rn\u00edch i sekund\u00e1rn\u00edch text\u016f), z oblasti d\u011bjin, teorie a metodologie religionistiky, v\u00fdzkumu sou\u010dasn\u00fdch n\u00e1bo\u017eensk\u00fdch jev\u016f, zejm\u00e9na pak prost\u0159ednictv\u00edm dal\u0161\u00edho rozvinut\u00ed sociologick\u00fdch, antropologick\u00fdch a kognitivn\u00edch poznatk\u016f. Tyto jeho dovednosti budou rozvinuty d\u016frazem na kvalitativn\u00ed, kvantitativn\u00ed a experiment\u00e1ln\u00ed v\u00fdzkum n\u00e1bo\u017eensk\u00e9 problematiky, kter\u00e9 budou kl\u00ed\u010dov\u00fdm obsahem studia. K tomuto \u00fa\u010delu si absolvent osvoj\u00ed \u0159adu poznatk\u016f, bude schopen tv\u016fr\u010d\u00edm zp\u016fsobem interpretovat studovan\u00e9 texty, analyzovat a kriticky zhodnotit jejich argumenta\u010dn\u00ed strukturu, analyzovat a kriticky zhodnotit komplexn\u00ed i kontroverzn\u00ed probl\u00e9my v jejich souvislostech. Zvl\u00e1dne z\u00e1sady v\u011bdeck\u00e9 pr\u00e1ce v kl\u00ed\u010dov\u00fdch religionistick\u00fdch discipl\u00edn\u00e1ch. Z\u00edsk\u00e1 dovednosti t\u00fdmov\u00e9 spolupr\u00e1ce a pr\u00e1ce s modern\u00edmi v\u00fdzkumn\u00fdmi technologiemi, kter\u00e9 se pou\u017e\u00edvaj\u00ed k m\u011b\u0159en\u00ed z\u00e1kladn\u00edch biometrick\u00fdch a kognitivn\u00edch funkc\u00ed.<\/p>\n<p>&nbsp;<\/p>\n<p><strong>Uplatn\u011bn\u00ed absolventa<br \/>\n<\/strong><\/p>\n<p>Absolvent bude schopen n\u00e1bo\u017eensk\u00e9 jevy nejen analyzovat a vysv\u011btlovat, ale tak\u00e9 jim rozum\u011bt, respektovat je v jejich odli\u0161nosti, m\u00edt \u00factu a respekt k odli\u0161n\u00fdm \u017eivotn\u00edm styl\u016fm, n\u00e1zor\u016fm, zvyk\u016fm a hodnot\u00e1m obecn\u011b. Bude odborn\u00edkem na r\u016fzn\u00e9 podoby n\u00e1bo\u017eenstv\u00ed a bude vybaven schopnost\u00ed hodnotov\u00e9 komparace a tolerance. Tyto pozn\u00e1vac\u00ed dovednosti absolvent\u016fm umo\u017en\u00ed b\u00fdt na trhu pr\u00e1ce konkurenceschopn\u00fdmi a uplatnit se v n\u00e1sleduj\u00edc\u00edch oblastech: 1) v neziskov\u00fdch organizac\u00edch jako jsou humanit\u00e1rn\u00ed a poradensk\u00e9 organizace \u010di nadace, charity a diakonie, nebo\u0165 mohou jako konzultanti poskytnout \u0159adu cenn\u00fdch poznatk\u016f t\u00fdkaj\u00edc\u00edch se n\u00e1zor\u016f, zvyk\u016f a hodnot pot\u0159ebn\u00fdch lid\u00ed; 2) v t\u011bch oblastech st\u00e1tn\u00ed spr\u00e1vy, kter\u00e9 maj\u00ed na starost nap\u0159. migra\u010dn\u00ed politiku zejm\u00e9na z tzv. t\u0159et\u00edch zem\u00ed; 3) ve sd\u011blovac\u00edch prost\u0159edc\u00edch, nebo\u0165 mohou seri\u00f3zn\u00edm zp\u016fsobem komentovat problematiku spojenou s n\u00e1bo\u017eensk\u00fdm chov\u00e1n\u00edm jednolivc\u016f \u010di skupin; 4) v ekonomick\u00e9m sektoru, nebo\u0165 znalosti religionistick\u00e9 povahy mohou v glob\u00e1ln\u00ed ekonomice napom\u00e1hat c\u00edlen\u011bj\u0161\u00ed firemn\u00ed strategii v oblasti v\u00fdroby \u010di prodeje nab\u00edzen\u00fdch produkt\u016f; 5) ve vydavatelstv\u00edch, novinov\u00fdch a \u010dasopiseck\u00fdch redakc\u00edch, kter\u00e9 se zam\u011b\u0159uj\u00ed na vyd\u00e1v\u00e1n\u00ed publikac\u00ed s religionistickou problematikou; 6) po absolvov\u00e1n\u00ed pedagogick\u00e9ho minima a z\u00edsk\u00e1n\u00ed magistra v religionistice mohou dokonce vyu\u010dovat na st\u0159edn\u00edch \u0161kol\u00e1ch Z\u00e1klady spole\u010densk\u00fdch v\u011bd.<\/p>\n<p>&nbsp;<\/p>\n<p><a>Zp\u011bt<\/a><\/p>","protected":false},"excerpt":{"rendered":"<p>&nbsp; Magistersk\u00e9 studium religionistiky je dvouoborov\u00e9 maior \/ minor v prezen\u010dn\u00ed form\u011b. S ohledem na dvouoborovou koncepci studia religionistiky, doporu\u010dujeme kombinaci bu\u010f s\u00a0n\u011bjak\u00fdm jazykem anebo nap\u0159.\u00a0s\u00a0kulturn\u00ed antropologi\u00ed, sociologi\u00ed, politologi\u00ed, psychologi\u00ed, filozofi\u00ed, histori\u00ed, judaistikou \u010di\u00a0dle vlastn\u00edch preferenc\u00ed. Garantem studia je doc. Mgr. Tom\u00e1\u0161 Bub\u00edk, Ph.D., na kter\u00e9ho se m\u016f\u017eete obracet s\u00a0bli\u017e\u0161\u00edmi dotazy. Kontakt: tomas.bubik@upol.cz &nbsp; ELEKTRONICK\u00c1 [&hellip;]<\/p>","protected":false},"author":3,"featured_media":0,"parent":0,"menu_order":0,"comment_status":"closed","ping_status":"closed","template":"template-full-width.php","meta":{"footnotes":""},"_links":{"self":[{"href":"https:\/\/religionistika.upol.cz\/eng\/wp-json\/wp\/v2\/pages\/318"}],"collection":[{"href":"https:\/\/religionistika.upol.cz\/eng\/wp-json\/wp\/v2\/pages"}],"about":[{"href":"https:\/\/religionistika.upol.cz\/eng\/wp-json\/wp\/v2\/types\/page"}],"author":[{"embeddable":true,"href":"https:\/\/religionistika.upol.cz\/eng\/wp-json\/wp\/v2\/users\/3"}],"replies":[{"embeddable":true,"href":"https:\/\/religionistika.upol.cz\/eng\/wp-json\/wp\/v2\/comments?post=318"}],"version-history":[{"count":29,"href":"https:\/\/religionistika.upol.cz\/eng\/wp-json\/wp\/v2\/pages\/318\/revisions"}],"predecessor-version":[{"id":960,"href":"https:\/\/religionistika.upol.cz\/eng\/wp-json\/wp\/v2\/pages\/318\/revisions\/960"}],"wp:attachment":[{"href":"https:\/\/religionistika.upol.cz\/eng\/wp-json\/wp\/v2\/media?parent=318"}],"curies":[{"name":"wp","href":"https:\/\/api.w.org\/{rel}","templated":true}]}}