


{"id":292,"date":"2018-01-20T17:32:18","date_gmt":"2018-01-20T16:32:18","guid":{"rendered":"http:\/\/religionistika.kochchy.cz\/?page_id=292"},"modified":"2023-12-21T14:41:55","modified_gmt":"2023-12-21T13:41:55","slug":"laborator","status":"publish","type":"page","link":"https:\/\/religionistika.upol.cz\/eng\/laborator\/","title":{"rendered":"Cognitive laboratory CO-LAB"},"content":{"rendered":"<p>&nbsp;<br \/>\nThe building of the Cognitive Laboratory CO-LAB, which is a research facility especially for the PhD programme in Religious Studies, is the result of two projects of the OPRDE (Operational Programme\nResearch, Development and Education) implemented in 2018-2022.<\/p>\n<p>The laboratory has a total area of 200m2. It consists of a research room where the motion capture and immersive virtual reality unit is located, as well as an eye-tracking room and an EEG booth. The laboratory also includes a seminar room, an staff office with a reference library and a room for PhD students. <\/p>\n<p>&nbsp;<\/p>\n<p><strong>Research team members:<\/strong><\/p>\n<p>Assoc. prof. Tom\u00e1\u0161 Bub\u00edk, PhD, head of the laboratory<\/p>\n<p>Stanislav Popelka, PhD, Department of Geoinformatics, Faculty of Science, UPOL<\/p>\n<p>Mark\u00e9ta Muczkov\u00e1, M.A., PhD student<\/p>\n<p>&nbsp;<\/p>\n<p><strong>Consultees:<\/strong><\/p>\n<p>Assoc. prof. Zden\u011bk Svoboda, PhD, Department of Biomechanics, Faculty of Biomechanics, UPOL<\/p>\n<p>Tom\u00e1\u0161 Klein, PhD, Department of Biomechanics, Faculty of Biomechanics, UPOL<\/p>\n<p>Michal M\u00fcller, PhD, Department of Economics and Management Studies, Faculty of Arts, UPOL<\/p>\n<p>&nbsp;<\/p>\n<p><strong>Laboratory equipment:<\/strong><\/p>\n<p>stationary eye-tracking (Tobii Pro Lab 250)<\/p>\n<p>eye-tracking glasses (Tobii)<\/p>\n<p>Motion Capture System (Vicon)<\/p>\n<p>Immersive VR glasses (Varjo XR3)<\/p>\n<p>EEG (TrueScan 32 and 64)<\/p>\n<p>&nbsp;<\/p>\n<p>Current project: in 2023, together with PhD students, we implemented the IGA 2023 project entitled \"Experimental research on the influence of non-religious identity on preference behaviour). The total research sample is 85 participants.<\/p>\n<p>At the same time we are preparing the following research designs:<\/p>\n<p>1. research on ritual behaviour of believers and non-believers by MOCAP in combination with virtual reality<\/p>\n<p>2. research on religious beliefs using AI<\/p>\n<p>3. eye-tracking counterintuitiveness research<\/p>","protected":false},"excerpt":{"rendered":"<p>&nbsp; Vybudov\u00e1n\u00ed kognitivn\u00ed laborato\u0159e CO-LAB, kter\u00e1 je v\u00fdzkumn\u00fdm z\u00e1zem\u00edm zejm\u00e9na pro doktorsk\u00fd studijn\u00ed program Religionistika, je v\u00fdsledkem dvou projekt\u016f OP VVV realizovan\u00fdch v letech 2018-2022. Jej\u00ed \u010dinnost byla ofici\u00e1ln\u011b zah\u00e1jen\u00e1 v z\u00e1\u0159\u00ed 2021 a prvn\u00ed v\u00fdzkumy v n\u00ed za\u010daly prob\u00edhat v roce 2022. Z\u00e1zem\u00ed laborato\u0159e m\u00e1 celkem 200m2. Sest\u00e1v\u00e1 z v\u00fdzkumn\u00e9 m\u00edstnosti, kde je um\u00edst\u011bna [&hellip;]<\/p>","protected":false},"author":3,"featured_media":0,"parent":0,"menu_order":0,"comment_status":"closed","ping_status":"closed","template":"template-full-width.php","meta":{"footnotes":""},"_links":{"self":[{"href":"https:\/\/religionistika.upol.cz\/eng\/wp-json\/wp\/v2\/pages\/292"}],"collection":[{"href":"https:\/\/religionistika.upol.cz\/eng\/wp-json\/wp\/v2\/pages"}],"about":[{"href":"https:\/\/religionistika.upol.cz\/eng\/wp-json\/wp\/v2\/types\/page"}],"author":[{"embeddable":true,"href":"https:\/\/religionistika.upol.cz\/eng\/wp-json\/wp\/v2\/users\/3"}],"replies":[{"embeddable":true,"href":"https:\/\/religionistika.upol.cz\/eng\/wp-json\/wp\/v2\/comments?post=292"}],"version-history":[{"count":21,"href":"https:\/\/religionistika.upol.cz\/eng\/wp-json\/wp\/v2\/pages\/292\/revisions"}],"predecessor-version":[{"id":1047,"href":"https:\/\/religionistika.upol.cz\/eng\/wp-json\/wp\/v2\/pages\/292\/revisions\/1047"}],"wp:attachment":[{"href":"https:\/\/religionistika.upol.cz\/eng\/wp-json\/wp\/v2\/media?parent=292"}],"curies":[{"name":"wp","href":"https:\/\/api.w.org\/{rel}","templated":true}]}}